on divisor of 87 and 12209.
29
What is the highest common factor of 364 and 1729?
91
Calculate the highest common factor of 57900 and 50.
50
Calculate the highest common factor of 50 and 25.
25
Calculate the highest common divisor of 87 and 201.
3
What is the greatest common factor of 241 and 88447?
241
Calculate the highest common divisor of 524 and 4.
4
Calculate the highest common divisor of 169 and 65.
13
Calculate the highest common divisor of 44 and 208.
4
What is the highest common divisor of 209 and 19?
19
What is the highest common divisor of 16 and 52?
4
Calculate the greatest common factor of 1525 and 775.
25
What is the greatest common divisor of 247 and 663?
13
What is the greatest common divisor of 108 and 12?
12
What is the highest common factor of 891 and 216?
27
Calculate the highest common factor of 2290 and 8.
2
Calculate the highest common divisor of 47 and 1504.
47
What is the greatest common divisor of 3390 and 90?
30
Calculate the highest common factor of 14644 and 56.
28
Calculate the greatest common divisor of 95 and 1235.
95
Calculate the greatest common divisor of 4 and 6592.
4
What is the greatest common factor of 26 and 481?
13
Calculate the highest common divisor of 18 and 50.
2
What is the highest common factor of 56 and 5656?
56
Calculate the highest common factor of 520 and 1352.
104
Calculate the highest common factor of 46 and 11937.
23
Calculate the highest common divisor of 19142 and 102.
34
What is the greatest common divisor of 220 and 148?
4
What is the greatest common factor of 2899 and 91?
13
Calculate the greatest common factor of 16 and 496.
16
Calculate the greatest common divisor of 57 and 3648.
57
Calculate the greatest common factor of 8 and 204.
4
What is the highest common factor of 160 and 64?
32
What is the highest common divisor of 20 and 10?
10
What is the highest common factor of 621 and 23?
23
Calculate the greatest common divisor of 782 and 714.
34
What is the greatest common factor of 505 and 101?
101
Calculate the greatest common divisor of 7 and 448.
7
Calculate the highest common divisor of 312 and 120.
24
Calculate the greatest common divisor of 793 and 244.
61
Calculate the greatest common divisor of 50 and 90.
10
Calculate the highest common divisor of 74 and 2294.
74
What is the greatest common factor of 948 and 60?
12
What is the highest common factor of 80 and 190?
10
What is the greatest common factor of 770 and 140?
70
What is the greatest common divisor of 893 and 19?
19
What is the highest common divisor of 1862 and 98?
98
Calculate the greatest common factor of 3045 and 58.
29
Calculate the highest common factor of 3876 and 544.
68
What is the highest common factor of 153 and 85?
17
Calculate the greatest common factor of 234 and 44460.
234
What is the highest common divisor of 124 and 1829?
31
What is the greatest common factor of 37494 and 18?
18
Calculate the highest common factor of 3984 and 48.
48
What is the highest common divisor of 990 and 54?
18
Calculate the greatest common factor of 3212 and 365.
73
What is the greatest common factor of 657 and 146?
73
What is the greatest common divisor of 561 and 867?
51
What is the greatest common factor of 4 and 45872?
4
Calculate the greatest common factor of 2830 and 5.
5
Calculate the highest common factor of 28644 and 248.
124
What is the highest common divisor of 210 and 30?
30
Calculate the highest common factor of 38 and 10298.
38
What is the greatest common divisor of 114 and 266?
38
What is the highest common factor of 540 and 20?
20
What is the greatest common factor of 5373 and 297?
27
Calculate the highest common divisor of 1141 and 7.
7
What is the greatest common factor of 180 and 75?
15
Calculate the highest common divisor of 218 and 51666.
218
Calculate the greatest common factor of 8 and 124.
4
What is the highest common divisor of 3420 and 1064?
76
Calculate the highest common divisor of 116 and 24.
4
What is the highest common divisor of 1 and 546?
1
What is the greatest common divisor of 282 and 3478?
94
Calculate the greatest common divisor of 458 and 2.
2
Calculate the greatest common factor of 14 and 133.
7
What is the greatest common divisor of 95757 and 177?
177
What is the greatest common divisor of 15 and 170?
5
What is the greatest common factor of 243 and 3051?
27
Calculate the highest common factor of 17 and 5627.
17
What is the greatest common divisor of 299 and 115?
23
Calculate the greatest common divisor of 25 and 50.
25
Calculate the highest common divisor of 6 and 6.
6
What is the highest common factor of 96 and 1472?
32
What is the highest common factor of 242 and 11?
11
Calculate the highest common divisor of 20 and 110.
10
Calculate the highest common factor of 19 and 58501.
19
Calculate the greatest common divisor of 1184 and 74.
74
What is the highest common factor of 65 and 800?
5
What is the highest common factor of 72 and 54?
18
What is the highest common divisor of 1144 and 156?
52
What is the greatest common divisor of 1500 and 12?
12
Calculate the highest common divisor of 744 and 31.
31
What is the highest common divisor of 66 and 1023?
33
What is the highest common divisor of 34 and 578?
34
Calculate the greatest common divisor of 392 and 2702.
14
Calculate the highest common divisor of 12 and 33.
3
Calculate the greatest common divisor of 5093 and 44.
11
What is the greatest common divisor of 213 and 1846?
71
What is the greatest common factor of 70 and 28?
14
Calculate the highest common divisor of 54 and 12987.
27
What is the highest common factor of 288 and 168?
24
Calculate the highest common divisor of 1456 and 64.
16
What is the greatest common divisor of 912 and 48?
48
Calculate the greatest common divisor of 744 and 31.
31
Calculate the highest common divisor of 5047 and 147.
49
Calculate the greatest common divisor of 6176 and 160.
32
What is the highest common divisor of 1008 and 63?
63
Calculate the highest common factor of 11778 and 78.
78
Calculate the highest common factor of 465 and 15.
15
Calculate the highest common factor of 869 and 474.
79
What is the highest common factor of 253 and 44?
11
Calculate the greatest common factor of 18 and 24.
6
What is the greatest common factor of 9913 and 46?
23
What is the highest common divisor of 15 and 153?
3
What is the greatest common divisor of 208 and 4?
4
Calculate the highest common divisor of 7 and 1897.
7
Calculate the highest common divisor of 333 and 1443.
111
What is the greatest common divisor of 72 and 252?
36
Calculate the greatest common factor of 13 and 533.
13
What is the highest common factor of 126 and 360?
18
Calculate the greatest common divisor of 232 and 87.
29
What is the highest common factor of 370 and 270?
10
Calculate the greatest common divisor of 33 and 264.
33
What is the greatest common divisor of 56 and 4984?
56
Calculate the highest common divisor of 3710 and 20.
10
What is the greatest common factor of 368 and 46?
46
What is the greatest common divisor of 5 and 34745?
5
What is the greatest common factor of 230 and 8349?
23
Calculate the greatest common divisor of 20 and 482.
2
What is the highest common divisor of 238 and 21?
7
What is the highest common factor of 22 and 55?
11
Calculate the highest common divisor of 70 and 56.
14
What is the highest common factor of 96 and 294?
6
What is the highest common factor of 8 and 41408?
8
What is the greatest common factor of 39 and 6?
3
Calculate the highest common divisor of 289 and 17.
17
Calculate the highest common divisor of 20620 and 20.
20
What is the greatest common factor of 551 and 58?
29
Calculate the highest common factor of 333 and 99.
9
Calculate the highest common factor of 60 and 100.
20
What is the highest common divisor of 1120 and 35?
35
What is the highest common factor of 20 and 6?
2
Calculate the highest common factor of 2 and 54.
2
Calculate the greatest common divisor of 24429 and 51.
51
Calculate the greatest common divisor of 506 and 46.
46
What is the highest common factor of 93181 and 197?
197
Calculate the highest common divisor of 47 and 47.
47
What is the highest common divisor of 10 and 6?
2
Calculate the greatest common factor of 27 and 5400.
27
What is the highest common divisor of 9 and 417?
3
Calcula